 17. What is the tens digit of a?
2
Let m = -31 - -19. Let y(z) = z + 7. Let o be y(m). Let q = 0 - o. What is the units digit of q?
5
Let p(g) = 2*g**2 + 6*g - 8. What is the tens digit of p(-6)?
2
Let s be 1/(-2)*1*-6. Suppose -5*i + 3*y + 34 = y, 2*i = s*y + 18. What is the units digit of i?
6
Let j be ((6 - 2)/2)/(-2). Let n(s) = -s**2 + 1. Let v be n(j). Suppose v = -4*w + a + 24, w - 12 = 3*a + 5. What is the units digit of w?
5
Let d(j) = -21*j - 29. Let q(y) = 4*y + 6. Let b(i) = -2*d(i) - 11*q(i). What is the tens digit of b(-14)?
2
Let r(w) = w**2 + w. Let p(d) = 5*d + 6. Let y(z) = p(z) + r(z). Let b be y(-5). Let s = 9 - b. What is the units digit of s?
8
Let t = -9 + 11. Suppose 0*b + t*b = 50. What is the units digit of b?
5
Suppose 3*v - 8 = -v. Let g(m) = 2 + 1 - 4 + 6*m**v. What is the units digit of g(-1)?
5
Let b = -592 - 173. What is the tens digit of 1/(-6) - b/54?
1
Let w(o) = o**2 + o. Let j be w(0). Suppose 8 = -j*r + 2*r. What is the units digit of r?
4
Suppose 2*k + 37 - 147 = 0. What is the tens digit of k?
5
Let q(x) = x**2 + 1. Let n be q(-2). Let a = n - 3. What is the units digit of (-3 - a)*(-2 + 1)?
5
Suppose -4*n - 1 = -3*w, -33 = -3*w - w - n. Let k(s) = s**2 + w*s**2 + s**3 + s**2 - 9*s - 2*s**2. What is the units digit of k(-8)?
8
Suppose 20 = 4*l, -4*l = 2*f - 189 + 31. What is the tens digit of f?
6
Let o(w) = w + 2. Let q be o(0). Suppose x - 2*h - 26 = 0, 2*x + 3*h = -0*x + 17. Suppose -q*k - 2*u = -x, 0*k + u = 5*k - 64. What is the tens digit of k?
1
Let q(p) = p**2 - 7*p + 3. Let v be q(7). Suppose v*y - 72 = y. What is the tens digit of y?
3
Suppose 0 = 5*c + 2*o - 164, -c + 5*o = -5*c + 121. What is the tens digit of c?
3
Let v(k) = -156*k - 2. What is the units digit of v(-1)?
4
Let p = 9 + -6. Suppose 4 = p*s - 2. Suppose -4*v - 5*w + 4*w = -8, -w = -v + s. What is the units digit of v?
2
What is the tens digit of 741/21 + (-2)/7?
3
What is the units digit of 8/20 + (-212)/(-20)?
1
Let q(b) = -2*b**2 + 2*b. Let j be q(2). Let k(l) = -5*l + 1. What is the tens digit of k(j)?
2
Suppose 3*v - 96 = -3*w, -3*w - 39 = -2*v - 160. Let j = w - 25. What is the units digit of j?
2
Let l(b) = -b**2 + 7*b + 10. Let o be l(7). Let n = o + -7. What is the units digit of n?
3
What is the tens digit of 1*-10*(-9)/3?
3
Suppose -2*h + 6*h - 16 = 0. Suppose h*n - 25 = -3*c - 8, -n = -c + 1. Suppose -23 = c*l - 62. What is the tens digit of l?
1
Suppose 0 = -3*l + 13 - 4. Suppose -61 = l*f - 0*s + 5*s, -20 = 4*s. Let u = 17 + f. What is the units digit of u?
5
Suppose 2*m + 5*h + 20 = 0, -3*m - 2*h = -7*m + 8. Suppose m = 4*f - 2*f. Suppose f = -3*r - 2*r + 75. What is the units digit of r?
5
Let t = 9 + -6. Suppose -11 = -t*n + 16. What is the units digit of n?
9
Suppose 9*p - 141 - 813 = 0. What is the tens digit of p?
0
Let k(a) = a**2 - 4*a - 4. What is the units digit of k(-2)?
8
Let k(h) = h**2 - 2*h - 13 + 3 - 3*h. What is the tens digit of k(9)?
2
Let g(h) be the third derivative of h**5/60 + h**4/12 + h**3/3 - 2*h**2. Let k be g(-3). What is the units digit of ((-30)/25)/((-2)/k)?
3
Let q = 103 + -69. What is the units digit of q?
4
Suppose -3*c - 23 = -4*o - 0*c, -4*o - 3*c - 7 = 0. Suppose 0 = o*w + 2*w - 8. What is the units digit of w?
2
Suppose 5*u = -2*m + 25, -2*u + 4*m - 10 = -4*u. Suppose u*d - b + 11 = -4, 10 = -2*b. What is the units digit of (-2 + 5)*(0 - d)?
2
Suppose 162 = x + 104. What is the units digit of x?
8
Let q(f) = 21*f. Let c be q(1). What is the units digit of (14/21)/(1/c)?
4
Let v = -131 - -295. Suppose -z = 3*z + v. Let j = 58 + z. What is the tens digit of j?
1
What is the tens digit of (-1 - -15)/(2*(-2)/(-18))?
6
Suppose -127 = -5*k + q, q - 87 = -4*k + 20. What is the tens digit of k?
2
Let o = -3 - -8. Suppose -o = -s - 2*w, 5*s - 3 = -0*s + w. What is the units digit of s/(-1) - (-10 - 1)?
0
What is the tens digit of (-37)/(-3) - (-28)/(-21)?
1
Let b(j) = 37*j**2. What is the tens digit of b(1)?
3
Let c(w) be the second derivative of -w**3/3 - 5*w**2 + 3*w. Let n be (-3)/(1/(-3)*-1). What is the units digit of c(n)?
8
Let y(a) = a**2 + a - 5. Let o be y(4). Let b = 0 + 4. Suppose -b*c + c + o = 0. What is the units digit of c?
5
Let j be (-2)/(2*(-2)/(-76)). Let k = -23 - j. What is the tens digit of k?
1
Suppose -33 + 8 = -5*k. Suppose 2*u = 5*u - 2*s - 20, s - k = 0. Suppose -4*j = j - u, -2*y - 4*j = -26. What is the units digit of y?
9
Suppose -2*p + 5 - 1 = 0. Suppose p*s = q - 14 + 5, 0 = 4*q - 2*s - 24. What is the units digit of q?
5
What is the tens digit of (4/(-10))/(4/(-540))?
5
Suppose -3*t = -0*t + 12. Let o(k) = 4*k + 3. Let z be o(-6). What is the units digit of ((-8)/(-3))/t*z?
4
Let p(i) = -2*i - 4. Let g be p(-3). What is the units digit of (1 + 3)/(g/4)?
8
What is the hundreds digit of 246 + -16 + (1 - 6)?
2
Let d = 8 + -13. Let z = d + 12. What is the units digit of z?
7
Suppose -71 = -4*x - 2*o - o, 3*x - 5*o = 75. What is the tens digit of x?
2
Let l(b) = -5*b**2 + 4*b + 2*b**3 - 3*b**3 - 3*b**2 + 4. What is the tens digit of l(-9)?
4
Suppose 3*f + m = -3*m + 323, m = 3*f - 343. What is the units digit of f?
3
Let p be 4/6 - 4/6. Suppose -2*b + 55 + 5 = -2*t, -4*t - 4*b - 88 = p. Let c = t + 45. What is the tens digit of c?
1
Let p be 1/(-3)*(3 + 0). Let y be (-5)/p + 0/(-3). Suppose -15 = -y*v - 5. What is the units digit of v?
2
Suppose -n = n - 240. Suppose -3*m - m + n = 0. What is the units digit of m?
0
Let m = -13 - -9. Let b = -6 + 6. Let r = b - m. What is the units digit of r?
4
What is the units digit of (-116)/(-14) + (-4)/14?
8
Suppose 2*u - 8 = -5*z + 14, -10 = -z + u. Suppose -7*m + z*m = -3. What is the units digit of m?
3
Let t(h) = h**3 + 2*h**2 - 5*h - 3. Let z be t(-3). What is the units digit of 1 - (36/z)/(-3)?
5
Let a(o) = -12*o + 1 - 1 - 1. Let f = -2 - -1. What is the tens digit of a(f)?
1
Suppose 0 = 3*s - p + 3*p - 888, -1499 = -5*s + 3*p. What is the tens digit of s?
9
Let h be (-60)/(-18)*(-12)/10. Let t = 6 + h. Suppose -y - 1 = -t. What is the units digit of y?
1
Let d(b) = 2*b + 28. Let t be d(-12). Let n(x) = x - 1. What is the units digit of n(t)?
3
Let q(c) = -c**2 - 12*c + 18. Let l be q(-13). Suppose 0 = -2*z + 4, 0*s = -s + l*z + 25. What is the units digit of s?
5
Let y(k) be the first derivative of k**2/2 + 4*k - 2. Let s be y(-5). What is the units digit of s/(-2) - 15/(-6)?
3
Let p(o) = o + 1. Let m be p(-2). Let n be -2 + (-1)/(1/(-26)). What is the units digit of m/((15/n)/(-5))?
8
Suppose -5*b = 5*m - 2*b - 309, 10 = -5*b. What is the units digit of m?
3
Let y(u) = -u**3 - 2*u**2 + 3*u - 4. Let s(f) = f - f**3 - 3 + 5*f - 2*f**2 - 4*f. Let t(z) = 5*s(z) - 4*y(z). What is the units digit of t(-2)?
5
Let m = -16 - -18. Suppose -3*x - m*g - 33 = -92, -4*g + 42 = 2*x. What is the tens digit of x?
1
Suppose -157*g = -159*g + 736. What is the tens digit of g?
6
Let d = -124 + 241. What is the tens digit of d?
1
Let r = 117 + -83. What is the units digit of r?
4
Suppose 4 = -2*j, -r - 2*j - 2*j = 22. Let m = 10 + r. What is the units digit of (-2)/(-1) - m/1?
6
Suppose x - 2 - 17 = 0. Suppose x - 7 = 4*a. Suppose -21 = -0*y - a*y. What is the units digit of y?
7
Let h(v) = v**3 - 7*v**2 - 9*v + 11. Let t be h(8). Let d be (-4)/22 + 1680/44. Suppose d = -k + t*k. What is the units digit of k?
9
Let l = 106 + -72. What is the tens digit of l?
3
Suppose o = -4*o + 60. What is the units digit of o?
2
What is the tens digit of ((-4)/(-10))/((-1)/(-65))?
2
Let s be -23 + 6 + (-9)/3. Let n = 38 + s. What is the tens digit of n?
1
Let z = 6 + 8. Suppose 4*g = 6 + z. Suppose 0 = 3*c - r - 6, 3*r + g = -c + r. What is the units digit of c?
1
Let q = 23 + 0. Suppose 5*z - 2*z - 17 = 5*y, 3*y = 5*z - q. What is the units digit of z?
4
Suppose 0 = -2*z + 22 - 4. Suppose -12 = -8*w + 10*w. Let p = w + z. What is the units digit of p?
3
Suppose -7*j + 6 = -2*j + 4*n, 2*n + 4 = j. Suppose 7 - j = 5*l. What is the units digit of l/4 - (-30)/8?
4
Suppose 190 = 3*n - 5. What is the tens digit of n?
6
What is the hundreds digit of (-12677)/(-63) - 2/9?
2
Let d be -2 - 2*(-2)/(-2). What is the units digit of d*-2*33/24?
1
What is the units digit of 12/((-6)/(-4)*6/63)?
4
Suppose -52 = q + 3*q. Let o = 19 + q. What is the units di